mber?
True
Is 550049 a composite number?
False
Is 232453 prime?
False
Is 21961 a prime number?
True
Is 11143 a composite number?
True
Is 31367 prime?
False
Is 6143 a prime number?
True
Is 44071 composite?
False
Is 35683 composite?
True
Is 73693 prime?
True
Is 414601 a prime number?
False
Is 55973 prime?
False
Is 660629 prime?
False
Is 1177 composite?
True
Is 356657 a prime number?
False
Is 25486 a prime number?
False
Is 1835591 composite?
False
Is 1594837 composite?
False
Is 9566 a prime number?
False
Is 563809 prime?
True
Is 640793 a prime number?
True
Is 11671 a prime number?
False
Is 415238 a prime number?
False
Is 3557 a composite number?
False
Is 14361 composite?
True
Is 20899 composite?
False
Is 3579 prime?
False
Is 35023 prime?
True
Is 670433 prime?
False
Is 3991 a composite number?
True
Is 238387 prime?
False
Is 55177 a composite number?
True
Is 3876383 a composite number?
True
Is 1000273 prime?
True
Is 302263 composite?
True
Is 9091 a prime number?
True
Is 137771 a composite number?
False
Is 3343 a composite number?
False
Is 39817 a prime number?
False
Is 72749 composite?
True
Is 242519 composite?
False
Is 142151 a prime number?
True
Is 2203 composite?
False
Is 21247 a composite number?
False
Is 1537 composite?
True
Is 90121 a composite number?
False
Is 61687 a composite number?
False
Is 946769 a prime number?
True
Is 781799 composite?
False
Is 112051 prime?
False
Is 5663 prime?
False
Is 101417 prime?
False
Is 31741 a composite number?
False
Is 3455 prime?
False
Is 8719 composite?
False
Is 447985 a composite number?
True
Is 680279 composite?
True
Is 44159 composite?
False
Is 6146957 prime?
False
Is 35671 composite?
False
Is 299857 a prime number?
True
Is 278189 composite?
True
Is 412541 composite?
True
Is 70726 a prime number?
False
Is 56891 a prime number?
True
Is 2401367 composite?
False
Is 10753 composite?
False
Is 11633 composite?
False
Is 204883 prime?
False
Is 585859 a prime number?
False
Is 96847 composite?
False
Is 403693 a prime number?
False
Is 3589 a prime number?
False
Is 36083 prime?
True
Is 43261 prime?
True
Is 96403 a composite number?
True
Is 761 composite?
False
Is 74335 a composite number?
True
Is 355633 prime?
True
Is 1973 prime?
True
Is 903379 composite?
True
Is 2731 a prime number?
True
Is 39499 prime?
True
Is 670321 composite?
False
Is 14354 prime?
False
Is 25733 prime?
True
Is 206902 a composite number?
True
Is 553897 a prime number?
True
Is 28189 a composite number?
True
Is 65227 prime?
False
Is 6805 composite?
True
Is 609127 a composite number?
True
Is 50671 prime?
True
Is 7727 composite?
False
Is 818621 composite?
False
Is 4091 prime?
True
Is 9091 a prime number?
True
Is 1657 composite?
False
Is 164773 composite?
True
Is 13259 a composite number?
False
Is 427 prime?
False
Is 116729 prime?
False
Is 1193 prime?
True
Is 1167 a prime number?
False
Is 3646 a prime number?
False
Is 247141 a composite number?
False
Is 194374 a prime number?
False
Is 10543 a prime number?
False
Is 20477 a composite number?
False
Is 142221 prime?
False
Is 42043 a composite number?
False
Is 20303 a prime number?
False
Is 12473 a composite number?
False
Is 3271 a prime number?
True
Is 16622 a composite number?
True
Is 53241 a prime number?
False
Is 181469 prime?
False
Is 51209 a composite number?
True
Is 14797 composite?
False
Is 293483 a composite number?
False
Is 12037 composite?
False
Is 1031 a prime number?
True
Is 6947 a prime number?
True
Is 19913 composite?
False
Is 16361 a prime number?
True
Is 18419 composite?
True
Is 36913 composite?
False
Is 26747 a composite number?
True
Is 32777 composite?
True
Is 4331 a composite number?
True
Is 221159 composite?
False
Is 5435 a prime number?
False
Is 956231 composite?
False
Is 38971 prime?
True
Is 3299 prime?
True
Is 352533 a prime number?
False
Is 67547 a composite number?
False
Is 68641 a prime number?
False
Is 38537 prime?
False
Is 118765 composite?
True
Is 50783 composite?
True
Is 166597 composite?
False
Is 5921 composite?
True
Is 1147 prime?
False
Is 8285 composite?
True
Is 2551 prime?
True
Is 20609 a composite number?
True
Is 30421 a prime number?
False
Is 15959 a composite number?
False
Is 120671 composite?
False
Is 78257 prime?
False
Is 340709 composite?
False
Is 68677 prime?
False
Is 53842 composite?
True
Is 11381 composite?
True
Is 247633 a prime number?
True
Is 74801 prime?
False
Is 566413 composite?
False
Is 104069 composite?
True
Is 5998 composite?
True
Is 3671 a composite number?
False
Is 369857 a composite number?
True
Is 76031 a composite number?
False
Is 118129 composite?
True
Is 177 a composite number?
True
Is 27059 prime?
True
Is 116821 prime?
False
Is 284623 composite?
False
Is 11249 prime?
False
Is 983 prime?
True
Is 63907 a prime number?
True
Is 10243 prime?
True
Is 44645 a prime number?
False
Is 91421 a composite number?
True
Is 51599 composite?
False
Is 4721 prime?
True
Is 275521 prime?
True
Is 623 composite?
True
Is 60971 prime?
False
Is 735023 prime?
False
Is 39637 a composite number?
True
Is 6343 prime?
True
Is 229309 a prime number?
True
Is 65005 a composite number?
True
Is 14621 a prime number?
True
Is 89007 composite?
True
Is 43649 composite?
False
Is 97891 a composite number?
True
Is 6197 prime?
True
Is 29437 prime?
True
Is 3959 composite?
True
Is 16537 prime?
False
Is 1543 a prime number?
True
Is 994991 a composite number?
False
Is 48445 composite?
True
Is 14171 composite?
True
Is 332461 a prime number?
True
Is 769 prime?
True
Is 49031 a composite number?
False
Is 621385 composite?
True
Is 212573 composite?
False
Is 5056177 a composite number?
True
Is 10021 a composite number?
True
Is 7379 a prime number?
False
Is 869957 prime?
False
Is 61279 a prime number?
False
Is 7283 prime?
True
Is 871 prime?
False
Is 3148051 prime?
True
Is 10289 a composite number?
False
Is 10973 a composite number?
False
Is 101221 a composite number?
False
Is 7123 composite?
True
Is 156749 a composite number?
False
Is 150473 prime?
True
Is 262462 a composite number?
True
Is 208973 prime?
False
Is 193649 prime?
True
Is 237995 a prime number?
False
Is 3862 prime?
False
Is 11209 a prime number?
False
Is 367307 composite?
False
Is 40507 composite?
False
Is 5389 a composite number?
True
Is 224579 a composite number?
False
Is 13765 composite?
True
Is 4009 a prime number?
False
Is 48259 composite?
False
Is 380413 prime?
False
Is 293 a composite number?
False
Is 113891 a prime number?
True
Is 454799 prime?
True
Is 507667 prime?
True
Is 24707 prime?
False
Is 23017 composite?
False
Is 13523 composite?
False
Is 274481 a prime number?
False
Is 413 composite?
True
Is 1787897 prime?
False
Is 1901 a prime number?
True
Is 40751 a prime number?
True
Is 9523 a composite number?
True
Is 42037 prime?
False
Is 2901 a prime number?
False
Is 70867 composite?
False
Is 8339 a prime number?
False
Is 571715 a prime number?
False
Is 63817 a prime number?
False
Is 2154113 a prime number?
False
Is 51643 composite?
True
Is 293021 a composite number?
False
Is 2089693 composite?
False
Is 2098 prime?
False
Is 7603 a prime number?
True
Is 22961 a prime number?
True
Is 11499 composite?
True
Is 4127 a prime number?
True
Is 147367 composite?
True
Is 77782 prime?
False
Is 9722 prime?
False
Is 1128223 composite?
False
Is 148787 a composite number?
True
Is 311143 composite?
True
Is 29789 a composite number?
False
Is 11009 a prime number?
False
Is 194309 a composite number?
False
Is 2771 prime?
False
Is 1751 composite?
True
Is 105167 composite?
False
Is 2857 a prime number?
True
Is 16343 a prime number?
False
Is 13093 a prime number?
True
Is 282559 a composite number?
False
Is 451499 a composite number?
False
Is 14305 a composite number?
True
Is 20287 prime?
True
Is 7993 a composite number?
False
Is 5779 prime?
True
Is 259514 prime?
False
Is 55103 prime?
True
Is 2609 a composite number?
False
Is 60569 a composite number?
True
Is 21787 composite?
False
Is 36485 a prime number?
False
Is 17483 a prime number?
True
Is 443779 a prime number?
False
Is 26231 a prime number?
False
Is 371769 a composite number?
True
Is 14177 a prime number?
True
Is 23601 prime?
False
Is 76093 a composite number?
True
Is 99949 a prime number?
False
Is 2022373 composite?
True
Is 50477 a prime number?
False
Is 8147 prime?
True
Is 69477 a prime numb